Is ((-477372)/35 + 11)/(2/(-10*1)) prime?
True
Let n(y) = -19*y + 242. Let w be n(11). Suppose -29*q = 3*k - w*q - 11459, 4*k - 5*q = 15279. Is k a composite number?
False
Let s(u) = -17*u**2 - 17*u + 13. Let p(o) = -8*o**2 - 8*o + 6. Let j(y) = -9*p(y) + 4*s(y). Let q be j(-3). Suppose -20*f + q*f = 1774. Is f a composite number?
False
Suppose 145*q + 9005617 = 62113172. Is q prime?
True
Suppose -3*r + 4*j + 149769 = 0, -3*r + 5*j + 101610 = -48162. Is r composite?
False
Suppose -6*m + 185 = -61. Suppose m*q + 22029 = 44*q. Is q a prime number?
False
Let a be (-2)/(1/(-3)*2). Suppose -6 = a*p - 5*w, p + w + 2 = 3*w. Let y(r) = 5*r**2 - 6*r - 9. Is y(p) a composite number?
False
Let s = -34865 + 55608. Is s a composite number?
False
Let q = -1402866 + 2615937. Is q prime?
False
Let f be 4/((-20)/(-15)) + (-5 - -7). Suppose 3*g + 89724 = f*x, 4*x + g = 6*g + 71787. Is x a composite number?
True
Suppose 22212 = 4*w + 4*q, -4*w - 5*q + 1394 = -20814. Is w a prime number?
True
Let j = 5420 - 3210. Suppose 2*t - 5*g = 29985, -5*g = -3*t - j + 47190. Is t composite?
True
Suppose -7*u + 19797 = 2*p, 0 = -19*p + 16*p + 5*u + 29804. Is p composite?
False
Suppose 0 = 16*y - 1183680 - 1037328. Is y a composite number?
True
Let k(d) = 2425*d - 11352. Is k(41) a composite number?
True
Let p be 3*578*(11 + -8). Let d = 11135 - p. Is d prime?
False
Let w(v) = -3*v - 107. Let c be w(0). Let x = c - -75. Is x/48 + 562/6 composite?
True
Let m = 356 + -351. Suppose -r - m*q = -5565, -3*q = -6*q + 12. Is r prime?
False
Let u(b) = 3561*b**3 - 3*b**2 + 2*b + 1. Let r = -319 - -320. Is u(r) prime?
False
Let k(p) = 3*p**2 - p - 7. Let f be k(3). Suppose 4*b - 3 - 20 = -3*g, 3*g = -b + f. Is (-6)/(-4) - 1*(-983)/b a prime number?
False
Let l = 4470 - 2572. Let b = l - 1009. Is b prime?
False
Suppose -k + 7 + 12 = 0. Suppose 17*v = k*v - 10. Suppose 0 = -f - v*u + 228, 0 = -u + 4*u - 9. Is f prime?
False
Is ((-9)/((-45)/(-617510)))/((-132)/462) a composite number?
True
Suppose 3*o - 16050 = -3*q, -3*q - 6857 = -2*o + 3828. Is o a prime number?
True
Suppose -17*x + 4 = -14*x - f, -x + 2*f = -8. Suppose x = 2*z + 3*u - 11978, 2*z + 4*u - 3*u - 11978 = 0. Is z prime?
False
Let v(k) = 22557*k - 2329. Is v(10) a composite number?
False
Let b be 12/21*(2 + 5) - -2. Is 8395/6 - 1/b prime?
True
Suppose -2*u - 3*l + 20 = 0, -4*u + 3*l + 54 - 14 = 0. Is (-3*u/(-75))/((-4)/(-45020)) a composite number?
True
Let k = 3357 - 1615. Let n be 0/(-1 - 2) + 3469. Let u = n - k. Is u a prime number?
False
Let r(s) be the first derivative of 734*s**3/3 + 7*s**2/2 + 3*s + 5. Is r(2) a composite number?
False
Is ((-8260409)/664)/(((-3)/8)/3) a prime number?
True
Suppose -209447 = 39*i - 3100556. Is i prime?
True
Let i = -16334 - -26309. Let r = i - 2372. Is r prime?
True
Suppose -3*l - 1606769 = -88*l - 24*l. Is l a composite number?
False
Let h = 28 - 27. Let a(n) = 123*n**3 - 3*n**2 + n + 1. Let y be a(h). Suppose -4*k = f + 43 - y, -4*k - 158 = -2*f. Is f a composite number?
False
Let z(s) = 5313*s + 2917. Is z(28) prime?
True
Let g = -18939 - -255920. Is g composite?
False
Let a(f) = -99*f**3 - 6*f**2 + f + 1. Let y(r) = 99*r**3 + 7*r**2 + 1. Let h(j) = 3*a(j) + 2*y(j). Is h(-3) prime?
True
Suppose -36*b + 22*b + 28278841 = 23*b. Is b a composite number?
False
Suppose 18*x = 15*x + 66. Suppose -3*h + 88890 = -3*q, -3*q - 7 + x = 0. Is h composite?
True
Is 100341 - (-1)/((-148)/16 + 9) a composite number?
True
Let w = 82 - 80. Let l be (7 + 631)*(w + -1). Is ((-20)/6 - (-7)/21) + l a composite number?
True
Let w = 1108550 - 467901. Is w composite?
False
Is 0 + ((-1118262)/(-36) + 0)*(0 + 6) composite?
False
Suppose 49 = 5*p - 121. Let n = p - 155. Let t = n - -528. Is t a composite number?
True
Let o = -10 + 12. Suppose 4*i = 2*a + 20, -3*a + i - 8 = o. Is a + -1 - (-166)/1 composite?
False
Let u = -3443 + 7437. Let j = 7353 - u. Is j prime?
True
Let k be (-110)/(-385) - (-4)/((-56)/(-185790)). Suppose 77218 - k = 13*y. Is y a prime number?
True
Suppose 0 = 4*g - 4, -4*f - 3*g + 8979 = -8*g. Let m = f + -165. Is m a composite number?
False
Is (-180)/(-9) - (13 - 100684) a composite number?
True
Let l be 1 + (-1 - -4) + 1. Suppose y - 5*f = -4*f + 6576, l*f - 25 = 0. Suppose y = 5*o + 4*s, 6*o = 8*o + s - 2633. Is o a prime number?
False
Let a(f) = -66*f**3 - 9*f**2 + 26*f - 64. Is a(-17) a prime number?
False
Suppose 70*p - 4827 = -2*w + 75*p, -2*p + 9642 = 4*w. Is w prime?
True
Let u = -14744 - -34657. Is u prime?
True
Suppose -345 = 5*t + 2*q, 9*t - 380 = 14*t - 5*q. Suppose 0 = 21*k - 17*k - 1280. Let n = k - t. Is n prime?
False
Suppose -18 = -6*u + 102. Suppose 27*q + 10332 = u*q. Let k = q + 5677. Is k composite?
False
Suppose -9*f - 57979 = -12*f + 4*c, -38622 = -2*f - 5*c. Let x = f - 8886. Is x a prime number?
False
Let u = 224859 - 99766. Is u a composite number?
False
Let f = 405 - 1. Suppose -c - f = -64. Let l = c + 1427. Is l a composite number?
False
Suppose 95 = -69*b + 74*b. Suppose 29396 = -b*h + 23*h. Is h a composite number?
False
Suppose 4*f = -20*f + 64320. Let n = 5931 - f. Is n prime?
True
Let y(d) = -2*d**3 - 93*d**2 - 31*d - 1535. Is y(-77) composite?
False
Suppose 1313350 = 5*k - 5*q, -23*k + 1050677 = -19*k - 3*q. Is k composite?
True
Suppose 16755 = 358*h - 353*h. Suppose 0 = 873*d - 870*d - h. Is d a prime number?
True
Let c(m) = -37*m + 152. Let d be c(4). Suppose 20*k = -d*k + 20688. Is k a prime number?
False
Suppose -50*y - 64 = -46*y. Let r = 35 + y. Let v(j) = 27*j - 20. Is v(r) composite?
True
Let t = 85 - 59. Let b(n) = 3*n**2 + 2*n + 23. Is b(t) a composite number?
True
Let f = 778 + -778. Suppose f = 4*v - 126300 + 5464. Is v a prime number?
False
Let x(z) = 1106*z + 8. Let i be x(2). Suppose -2*u = -18634 - i. Is u prime?
True
Suppose -405*o = -416*o - 2310. Is (10/o*-17211)/(1/7) a composite number?
False
Suppose b = 3*j - 0*j - 23513, 4*j - b = 31351. Is (-7)/(-14)*j*3/1 a composite number?
True
Let s = -705642 - -1320181. Is s a composite number?
True
Suppose 0 = c - 2, -c + 0 - 2 = -4*t. Let m(y) = 929*y - 28. Is m(t) composite?
True
Let s(f) = 6*f**2 - 6*f + 1. Let a be s(-2). Suppose -j - 2 = 0, 0 = 4*z - 4*j + 5*j - 126. Suppose z*h + 2495 = a*h. Is h composite?
False
Is (-5)/(100/(-94060))*(2 + -1) composite?
False
Suppose 5*m + 3 = 23. Let y be -5 + -2 - (7 - 18968 - -7). Suppose m*a + 3103 = y. Is a a prime number?
False
Let n be (6/21)/((-52)/(-28) - 2). Is (n - 2572/8)*20/(-2) a prime number?
False
Let j(v) = v**3 + 44*v**2 - 60*v - 138. Let z be j(-40). Suppose -3*w = 8 + 4. Is w/8 - z/(-4) composite?
True
Let v(i) = 23*i - i**2 - 6*i - 22*i - 17 - 20*i. Is v(-20) a composite number?
False
Let v(y) = -y**3 - 13*y**2 - 10*y + 17. Let n be v(-12). Is (2/4)/(8*n/(-75376)) composite?
False
Let u(z) = 8064*z**2 + 44*z - 1073. Is u(20) a prime number?
True
Suppose -35*i = -47*i + 515820. Is i a prime number?
False
Let n be (-6 - -9) + -1 + -1372 + 1. Let o be ((-3)/12 + 2935/(-4))*4. Let x = n - o. Is x composite?
False
Let a(r) = 4*r**3 - r**2 - 4. Let v be a(-3). Let m = 126 + v. Is 1/(m - (-91216)/(-18244)) a composite number?
False
Let u = -271815 - -795412. Is u a prime number?
True
Let x = 18085 - 10898. Is x a composite number?
False
Suppose 0 = 5*o + 4*i + 5, -2*o - 2*i = -i - 1. Suppose -a - c + 3224 = 2*a, 2*c - 3229 = -o*a. Is a composite?
True
Let l = -46 - -7. Let v = l - -45. Is 1/v*-3 - (-2958)/4 a prime number?
True
Is (-4 - 1)/((-115)/3588161) prime?
True
Let b be 4/(1 + (18/(-15) - -1)). Suppose -4*h = -4*j + 44730 + 28842, b*j - 2*h - 91965 = 0. Is j composite?
True
Let v(d) = d**3 - 3*d**2 - 5*d - 21. Let o be v(5). Suppose 2*s + k + 29906 = 6*s, -3*k - 29902 = -o*s. Is s composite?
False
Suppose -412 = 5*t - t. Let r = 195 - t. Let g = r - 201. Is g a prime number?
True
Suppose -2*a + 1240 = 2*w, 1653 + 221 = 3*w - 4*a. Let d be 1/4 - 11625/(-12). Let r = d - w. Is r prime?
True
Let v = 191 + -212. Is -2*v/84*8506/1 a prime number?
True
Suppose -9*v + 7*v - 78711 = -5*v. Is v composite?
False
Let p(d) be the second derivative of 0 - 25*d - 33/2*d**2 - 20/3*d**3. Is p(-10) prime?
True
Let l be (-235)/(-75) + (-6)/45. Suppose -i = -2*x - 1829, 2*x - l*i = -2*x - 3653. Let c = x - -1748. Is c a prime number?
False
Let 